{"id":881,"date":"2018-10-03T13:44:06","date_gmt":"2018-10-03T16:44:06","guid":{"rendered":"http:\/\/bedding.com.br\/2018\/?page_id=881"},"modified":"2022-01-28T10:26:55","modified_gmt":"2022-01-28T13:26:55","slug":"intermediario","status":"publish","type":"page","link":"https:\/\/bedding.com.br\/2018\/intermediario\/","title":{"rendered":"Intermediario"},"content":{"rendered":"\n<style type=\"text\/css\" data-created_by=\"avia_inline_auto\" id=\"style-css-av-29bw89-bacc3c5c10eae71eac4337f676bf63c4\">\n.avia-section.av-29bw89-bacc3c5c10eae71eac4337f676bf63c4{\nbackground-repeat:no-repeat;\nbackground-image:url(https:\/\/bedding.com.br\/2018\/wp-content\/uploads\/2018\/10\/intermed1.jpg);\nbackground-position:50% 50%;\nbackground-attachment:scroll;\n}\n.avia-section.av-29bw89-bacc3c5c10eae71eac4337f676bf63c4 .av-section-color-overlay{\nopacity:0.8;\nbackground-color:#6363aa;\n}\n<\/style>\n<div id='av_section_1'  class='avia-section av-29bw89-bacc3c5c10eae71eac4337f676bf63c4 main_color avia-section-default avia-no-shadow  avia-builder-el-0  el_before_av_section  avia-builder-el-first  avia-full-stretch avia-bg-style-scroll av-section-color-overlay-active av-minimum-height av-minimum-height-50  container_wrap fullsize'  data-section-bg-repeat='stretch' data-av_minimum_height_pc='50'><div class=\"av-section-color-overlay-wrap\"><div class=\"av-section-color-overlay\"><\/div><div class='container av-section-cont-open' ><main  role=\"main\" itemprop=\"mainContentOfPage\"  class='template-page content  av-content-full alpha units'><div class='post-entry post-entry-type-page post-entry-881'><div class='entry-content-wrapper clearfix'>\n\n<style type=\"text\/css\" data-created_by=\"avia_inline_auto\" id=\"style-css-av-nhw2h-43a77921ecd217ccec296dd40200affa\">\n#top .av-special-heading.av-nhw2h-43a77921ecd217ccec296dd40200affa{\npadding-bottom:10px;\ncolor:#ffffff;\nfont-size:40px;\n}\nbody .av-special-heading.av-nhw2h-43a77921ecd217ccec296dd40200affa .av-special-heading-tag .heading-char{\nfont-size:25px;\n}\n#top #wrap_all .av-special-heading.av-nhw2h-43a77921ecd217ccec296dd40200affa .av-special-heading-tag{\nfont-size:40px;\n}\n.av-special-heading.av-nhw2h-43a77921ecd217ccec296dd40200affa .special-heading-inner-border{\nborder-color:#ffffff;\n}\n.av-special-heading.av-nhw2h-43a77921ecd217ccec296dd40200affa .av-subheading{\nfont-size:15px;\n}\n<\/style>\n<div  class='av-special-heading av-nhw2h-43a77921ecd217ccec296dd40200affa av-special-heading-h3 custom-color-heading blockquote modern-quote modern-centered  avia-builder-el-1  avia-builder-el-no-sibling  av-inherit-size'><h3 class='av-special-heading-tag'  itemprop=\"headline\"  >Intermedi\u00e1rio<\/h3><div class=\"special-heading-border\"><div class=\"special-heading-inner-border\"><\/div><\/div><\/div>\n<\/div><\/div><\/main><!-- close content main element --><\/div><\/div><\/div>\n<style type=\"text\/css\" data-created_by=\"avia_inline_auto\" id=\"style-css-av-20zrg1-6b2a061114d322c1b5f14db30e440b7e\">\n.avia-section.av-20zrg1-6b2a061114d322c1b5f14db30e440b7e{\nbackground-color:#ffffff;\n}\n<\/style>\n<div id='av_section_2'  class='avia-section av-20zrg1-6b2a061114d322c1b5f14db30e440b7e main_color avia-section-default avia-no-shadow  avia-builder-el-2  el_after_av_section  el_before_av_section  avia-bg-style-scroll container_wrap fullsize'  ><div class='container av-section-cont-open' ><div class='template-page content  av-content-full alpha units'><div class='post-entry post-entry-type-page post-entry-881'><div class='entry-content-wrapper clearfix'>\n\n<style type=\"text\/css\" data-created_by=\"avia_inline_auto\" id=\"style-css-av-1vm8mh-48058cfc20c79e9d6523d94a4ad48726\">\n.flex_column.av-1vm8mh-48058cfc20c79e9d6523d94a4ad48726{\nborder-radius:0px 0px 0px 0px;\n-webkit-border-radius:0px 0px 0px 0px;\n-moz-border-radius:0px 0px 0px 0px;\n}\n<\/style>\n<div class='flex_column av-1vm8mh-48058cfc20c79e9d6523d94a4ad48726 av_one_full  avia-builder-el-3  el_before_av_one_third  avia-builder-el-first  first flex_column_div av-zero-column-padding '   ><section  class='av_textblock_section av-1k2aux-887b0a46297c7cab82320bcac5a0f432'  itemscope=\"itemscope\" itemtype=\"https:\/\/schema.org\/CreativeWork\" ><div class='avia_textblock'  itemprop=\"text\" ><p style=\"text-align: center;\">Este \u00e9 o conforto padr\u00e3o, utilizado nos principais hot\u00e9is do mundo, onde o objetivo \u00e9 assegurar uma excelente noite de descanso. \u00c9 ideal para quem muda muito de posi\u00e7\u00e3o durante a noite e para casais que tem necessidades diferentes ao dormir.<\/p>\n<\/div><\/section><\/div>\n<style type=\"text\/css\" data-created_by=\"avia_inline_auto\" id=\"style-css-av-mppep-c34bb90428c479617429d4c862cf8fc4\">\n.flex_column.av-mppep-c34bb90428c479617429d4c862cf8fc4{\nborder-radius:0px 0px 0px 0px;\n-webkit-border-radius:0px 0px 0px 0px;\n-moz-border-radius:0px 0px 0px 0px;\n}\n<\/style>\n<div class='flex_column av-mppep-c34bb90428c479617429d4c862cf8fc4 av_one_third  avia-builder-el-5  el_after_av_one_full  el_before_av_one_third  first flex_column_div av-zero-column-padding column-top-margin'   ><style type=\"text\/css\" data-created_by=\"avia_inline_auto\" id=\"style-css-av-h8e0h-412ef21661909944ac3e9546d32bac67\">\n#top .av-special-heading.av-h8e0h-412ef21661909944ac3e9546d32bac67{\npadding-bottom:10px;\n}\nbody .av-special-heading.av-h8e0h-412ef21661909944ac3e9546d32bac67 .av-special-heading-tag .heading-char{\nfont-size:25px;\n}\n.av-special-heading.av-h8e0h-412ef21661909944ac3e9546d32bac67 .av-subheading{\nfont-size:15px;\n}\n<\/style>\n<div  class='av-special-heading av-h8e0h-412ef21661909944ac3e9546d32bac67 av-special-heading-h3 blockquote modern-quote modern-centered  avia-builder-el-6  avia-builder-el-no-sibling '><h3 class='av-special-heading-tag'  itemprop=\"headline\"  >Perfeito para voc\u00ea<\/h3><div class='av-subheading av-subheading_below'><p>Conhe\u00e7a alguns dos colch\u00f5es da Bedding com conforto intermedi\u00e1rio<\/p>\n<\/div><div class=\"special-heading-border\"><div class=\"special-heading-inner-border\"><\/div><\/div><\/div><\/div>\n<style type=\"text\/css\" data-created_by=\"avia_inline_auto\" id=\"style-css-av-hl9qx-7172dc82513a82c380401d906cb2e7f9\">\n.flex_column.av-hl9qx-7172dc82513a82c380401d906cb2e7f9{\nborder-radius:0px 0px 0px 0px;\n-webkit-border-radius:0px 0px 0px 0px;\n-moz-border-radius:0px 0px 0px 0px;\n}\n<\/style>\n<div class='flex_column av-hl9qx-7172dc82513a82c380401d906cb2e7f9 av_one_third  avia-builder-el-7  el_after_av_one_third  el_before_av_one_third  flex_column_div av-zero-column-padding column-top-margin'   ><p>\n<style type=\"text\/css\" data-created_by=\"avia_inline_auto\" id=\"style-css-av-kukc1qg7-5677baf5d2ca775e583bfe1d9bdbfa55\">\n.avia-image-container.av-kukc1qg7-5677baf5d2ca775e583bfe1d9bdbfa55 .av-image-caption-overlay-center{\ncolor:#ffffff;\n}\n<\/style>\n<div  class='avia-image-container av-kukc1qg7-5677baf5d2ca775e583bfe1d9bdbfa55 av-styling- avia-align-center  avia-builder-el-8  el_before_av_heading  avia-builder-el-first '  itemprop=\"image\" itemscope=\"itemscope\" itemtype=\"https:\/\/schema.org\/ImageObject\" ><div class=\"avia-image-container-inner\"><div class=\"avia-image-overlay-wrap\"><a href=\"https:\/\/bedding.com.br\/2018\/produto\/infinit-gel\/\" class='avia_image' ><img decoding=\"async\" class='wp-image-1786 avia-img-lazy-loading-not-1786 avia_image' src=\"https:\/\/bedding.com.br\/2018\/wp-content\/uploads\/2020\/05\/gel-900-300x177.jpg\" alt='' title='gel-900'  height=\"177\" width=\"300\"  itemprop=\"thumbnailUrl\" srcset=\"https:\/\/bedding.com.br\/2018\/wp-content\/uploads\/2020\/05\/gel-900-300x177.jpg 300w, https:\/\/bedding.com.br\/2018\/wp-content\/uploads\/2020\/05\/gel-900-600x355.jpg 600w, https:\/\/bedding.com.br\/2018\/wp-content\/uploads\/2020\/05\/gel-900-768x454.jpg 768w, https:\/\/bedding.com.br\/2018\/wp-content\/uploads\/2020\/05\/gel-900-705x417.jpg 705w, https:\/\/bedding.com.br\/2018\/wp-content\/uploads\/2020\/05\/gel-900.jpg 900w\" sizes=\"(max-width: 300px) 100vw, 300px\" \/><\/a><\/div><\/div><\/div><br \/>\n\n<style type=\"text\/css\" data-created_by=\"avia_inline_auto\" id=\"style-css-av-bbqx5-ffa76836a55e663ad67ca0fb76e5eaae\">\n#top .av-special-heading.av-bbqx5-ffa76836a55e663ad67ca0fb76e5eaae{\npadding-bottom:10px;\n}\nbody .av-special-heading.av-bbqx5-ffa76836a55e663ad67ca0fb76e5eaae .av-special-heading-tag .heading-char{\nfont-size:25px;\n}\n.av-special-heading.av-bbqx5-ffa76836a55e663ad67ca0fb76e5eaae .av-subheading{\nfont-size:15px;\n}\n<\/style>\n<div  class='av-special-heading av-bbqx5-ffa76836a55e663ad67ca0fb76e5eaae av-special-heading-h3 blockquote modern-quote modern-centered  avia-builder-el-9  el_after_av_image  avia-builder-el-last  av-linked-heading'><h3 class='av-special-heading-tag'  itemprop=\"headline\"  ><a class=\"av-heading-link\" href=\"https:\/\/bedding.com.br\/2018\/produto\/infinit-gel\/\">Infinit Gel<\/a><\/h3><div class=\"special-heading-border\"><div class=\"special-heading-inner-border\"><\/div><\/div><\/div><\/p><\/div>\n<style type=\"text\/css\" data-created_by=\"avia_inline_auto\" id=\"style-css-av-7h9kx-85669a4c8574993b2f70ab8f48576b7b\">\n.flex_column.av-7h9kx-85669a4c8574993b2f70ab8f48576b7b{\nborder-radius:0px 0px 0px 0px;\n-webkit-border-radius:0px 0px 0px 0px;\n-moz-border-radius:0px 0px 0px 0px;\n}\n<\/style>\n<div class='flex_column av-7h9kx-85669a4c8574993b2f70ab8f48576b7b av_one_third  avia-builder-el-10  el_after_av_one_third  avia-builder-el-last  flex_column_div av-zero-column-padding column-top-margin'   ><p>\n<style type=\"text\/css\" data-created_by=\"avia_inline_auto\" id=\"style-css-av-kukc1qg7-10be7e92219eff253dcb8f81f19fc963\">\n.avia-image-container.av-kukc1qg7-10be7e92219eff253dcb8f81f19fc963 .av-image-caption-overlay-center{\ncolor:#ffffff;\n}\n<\/style>\n<div  class='avia-image-container av-kukc1qg7-10be7e92219eff253dcb8f81f19fc963 av-styling- avia-align-center  avia-builder-el-11  el_before_av_heading  avia-builder-el-first '  itemprop=\"image\" itemscope=\"itemscope\" itemtype=\"https:\/\/schema.org\/ImageObject\" ><div class=\"avia-image-container-inner\"><div class=\"avia-image-overlay-wrap\"><a href=\"https:\/\/bedding.com.br\/2018\/produto\/fianzee-latex-natural\/\" class='avia_image' ><img decoding=\"async\" class='wp-image-2562 avia-img-lazy-loading-not-2562 avia_image' src=\"https:\/\/bedding.com.br\/2018\/wp-content\/uploads\/2021\/10\/latex-natural-1-300x164.jpg\" alt='' title='latex-natural'  height=\"164\" width=\"300\"  itemprop=\"thumbnailUrl\" srcset=\"https:\/\/bedding.com.br\/2018\/wp-content\/uploads\/2021\/10\/latex-natural-1-300x164.jpg 300w, https:\/\/bedding.com.br\/2018\/wp-content\/uploads\/2021\/10\/latex-natural-1-600x327.jpg 600w, https:\/\/bedding.com.br\/2018\/wp-content\/uploads\/2021\/10\/latex-natural-1-768x419.jpg 768w, https:\/\/bedding.com.br\/2018\/wp-content\/uploads\/2021\/10\/latex-natural-1-705x385.jpg 705w, https:\/\/bedding.com.br\/2018\/wp-content\/uploads\/2021\/10\/latex-natural-1.jpg 900w\" sizes=\"(max-width: 300px) 100vw, 300px\" \/><\/a><\/div><\/div><\/div><br \/>\n\n<style type=\"text\/css\" data-created_by=\"avia_inline_auto\" id=\"style-css-av-kumyjem5-4e05d377ceaaf16c50c3baeafeb7f2be\">\n#top .av-special-heading.av-kumyjem5-4e05d377ceaaf16c50c3baeafeb7f2be{\npadding-bottom:10px;\n}\nbody .av-special-heading.av-kumyjem5-4e05d377ceaaf16c50c3baeafeb7f2be .av-special-heading-tag .heading-char{\nfont-size:25px;\n}\n.av-special-heading.av-kumyjem5-4e05d377ceaaf16c50c3baeafeb7f2be .av-subheading{\nfont-size:15px;\n}\n<\/style>\n<div  class='av-special-heading av-kumyjem5-4e05d377ceaaf16c50c3baeafeb7f2be av-special-heading-h3 blockquote modern-quote modern-centered  avia-builder-el-12  el_after_av_image  avia-builder-el-last  av-linked-heading'><h3 class='av-special-heading-tag'  itemprop=\"headline\"  ><a class=\"av-heading-link\" href=\"https:\/\/bedding.com.br\/2018\/produto\/fianzee-latex-natural\/\">Fianz\u00e9e L\u00e1tex Natural<\/a><\/h3><div class=\"special-heading-border\"><div class=\"special-heading-inner-border\"><\/div><\/div><\/div><\/p><\/div><\/div><\/div><\/div><!-- close content main div --><\/div><\/div>\n<style type=\"text\/css\" data-created_by=\"avia_inline_auto\" id=\"style-css-av-1ek1ih-c679b64acb337b8d257b50f39c651bac\">\n.avia-section.av-1ek1ih-c679b64acb337b8d257b50f39c651bac{\nbackground-repeat:no-repeat;\nbackground-image:url(https:\/\/bedding.com.br\/2018\/wp-content\/uploads\/2018\/10\/contato2.jpg);\nbackground-position:50% 50%;\nbackground-attachment:scroll;\n}\n<\/style>\n<div id='av_section_3'  class='avia-section av-1ek1ih-c679b64acb337b8d257b50f39c651bac main_color avia-section-default avia-no-border-styling  avia-builder-el-13  el_after_av_section  avia-builder-el-last  avia-full-stretch avia-bg-style-scroll container_wrap fullsize'  data-section-bg-repeat='stretch'><div class='container av-section-cont-open' ><div class='template-page content  av-content-full alpha units'><div class='post-entry post-entry-type-page post-entry-881'><div class='entry-content-wrapper clearfix'>\n<div class='flex_column_table av-1ayywp-8127e4963c666dbbdc99541ba66dfca9 sc-av_one_half av-equal-height-column-flextable'>\n<style type=\"text\/css\" data-created_by=\"avia_inline_auto\" id=\"style-css-av-1ayywp-8127e4963c666dbbdc99541ba66dfca9\">\n.flex_column.av-1ayywp-8127e4963c666dbbdc99541ba66dfca9{\nborder-radius:0px 0px 0px 0px;\n-webkit-border-radius:0px 0px 0px 0px;\n-moz-border-radius:0px 0px 0px 0px;\npadding:100px 100px 100px 100px;\n}\n<\/style>\n<div class='flex_column av-1ayywp-8127e4963c666dbbdc99541ba66dfca9 av_one_half  avia-builder-el-14  el_before_av_one_half  avia-builder-el-first  first flex_column_table_cell av-equal-height-column av-align-middle '   ><\/div><div class='av-flex-placeholder'><\/div>\n<style type=\"text\/css\" data-created_by=\"avia_inline_auto\" id=\"style-css-av-429c9-68d6e95a54ef0109bb1292c1f8e9b76c\">\n.flex_column.av-429c9-68d6e95a54ef0109bb1292c1f8e9b76c{\nborder-radius:0px 0px 0px 0px;\n-webkit-border-radius:0px 0px 0px 0px;\n-moz-border-radius:0px 0px 0px 0px;\npadding:100px 100px 100px 100px;\n}\n<\/style>\n<div class='flex_column av-429c9-68d6e95a54ef0109bb1292c1f8e9b76c av_one_half  avia-builder-el-15  el_after_av_one_half  avia-builder-el-last  flex_column_table_cell av-equal-height-column av-align-middle '   ><form action=\"https:\/\/bedding.com.br\/2018\/intermediario\/\" method=\"post\"  class=\"avia_ajax_form av-form-labels-visible   avia-builder-el-16  avia-builder-el-no-sibling   \" data-avia-form-id=\"1\" data-avia-redirect='' ><h3 class=''>Quer saber mais sobre o conforto intermediario?<\/h3><fieldset><div id='avia_1_1' class='av-form-text'><p>\nPreencha o formul\u00e1rio abaixo e nossas consultoras entrar\u00e3o em contato com voc\u00ea!<\/p>\n<\/div><p class='  first_form  form_element form_fullwidth' id='element_avia_2_1'><label for=\"avia_2_1\">Nome <abbr class=\"required\" title=\"required\">*<\/abbr><\/label> <input name=\"avia_2_1\" class=\"text_input is_empty\" type=\"text\" id=\"avia_2_1\" value=\"\" \/><\/p><p class='  first_form  form_element form_fullwidth' id='element_avia_3_1'><label for=\"avia_3_1\">Telefone <abbr class=\"required\" title=\"required\">*<\/abbr><\/label> <input name=\"avia_3_1\" class=\"text_input is_empty\" type=\"text\" id=\"avia_3_1\" value=\"\" \/><\/p><p class='  first_form  form_element form_fullwidth av-last-visible-form-element' id='element_avia_4_1'><label for=\"avia_4_1\">E-Mail <abbr class=\"required\" title=\"required\">*<\/abbr><\/label> <input name=\"avia_4_1\" class=\"text_input is_email\" type=\"text\" id=\"avia_4_1\" value=\"\" \/><\/p><p class=\"hidden\"><input type=\"text\" name=\"avia_5_1\" class=\"hidden \" id=\"avia_5_1\" value=\"\" \/><\/p><p class=\"form_element \"><input type=\"hidden\" value=\"1\" name=\"avia_generated_form1\" \/><input type=\"submit\" value=\"Enviar\" class=\"button\"  data-sending-label=\"Sending\"\/><\/p><\/fieldset><\/form><div id=\"ajaxresponse_1\" class=\"ajaxresponse ajaxresponse_1 hidden\"><\/div><\/div><\/div><!--close column table wrapper. Autoclose: 1 -->\n<\/p>\n","protected":false},"excerpt":{"rendered":"","protected":false},"author":1,"featured_media":0,"parent":0,"menu_order":0,"comment_status":"closed","ping_status":"closed","template":"","meta":{"iawp_total_views":147,"_joinchat":[],"footnotes":""},"class_list":["post-881","page","type-page","status-publish","hentry"],"yoast_head":"<!-- This site is optimized with the Yoast SEO plugin v24.3 - https:\/\/yoast.com\/wordpress\/plugins\/seo\/ -->\n<title>Intermediario - Bedding Sleep Store<\/title>\n<meta name=\"robots\" content=\"index, follow, max-snippet:-1, max-image-preview:large, max-video-preview:-1\" \/>\n<link rel=\"canonical\" href=\"https:\/\/bedding.com.br\/2018\/intermediario\/\" \/>\n<meta property=\"og:locale\" content=\"pt_BR\" \/>\n<meta property=\"og:type\" content=\"article\" \/>\n<meta property=\"og:title\" content=\"Intermediario - Bedding Sleep Store\" \/>\n<meta property=\"og:url\" content=\"https:\/\/bedding.com.br\/2018\/intermediario\/\" \/>\n<meta property=\"og:site_name\" content=\"Bedding Sleep Store\" \/>\n<meta property=\"article:modified_time\" content=\"2022-01-28T13:26:55+00:00\" \/>\n<meta name=\"twitter:card\" content=\"summary_large_image\" \/>\n<meta name=\"twitter:label1\" content=\"Est. tempo de leitura\" \/>\n\t<meta name=\"twitter:data1\" content=\"9 minutos\" \/>\n<script type=\"application\/ld+json\" class=\"yoast-schema-graph\">{\"@context\":\"https:\/\/schema.org\",\"@graph\":[{\"@type\":\"WebPage\",\"@id\":\"https:\/\/bedding.com.br\/2018\/intermediario\/\",\"url\":\"https:\/\/bedding.com.br\/2018\/intermediario\/\",\"name\":\"Intermediario - Bedding Sleep Store\",\"isPartOf\":{\"@id\":\"https:\/\/bedding.com.br\/2018\/#website\"},\"datePublished\":\"2018-10-03T16:44:06+00:00\",\"dateModified\":\"2022-01-28T13:26:55+00:00\",\"breadcrumb\":{\"@id\":\"https:\/\/bedding.com.br\/2018\/intermediario\/#breadcrumb\"},\"inLanguage\":\"pt-BR\",\"potentialAction\":[{\"@type\":\"ReadAction\",\"target\":[\"https:\/\/bedding.com.br\/2018\/intermediario\/\"]}]},{\"@type\":\"BreadcrumbList\",\"@id\":\"https:\/\/bedding.com.br\/2018\/intermediario\/#breadcrumb\",\"itemListElement\":[{\"@type\":\"ListItem\",\"position\":1,\"name\":\"In\u00edcio\",\"item\":\"https:\/\/bedding.com.br\/2018\/bedding-2024\/\"},{\"@type\":\"ListItem\",\"position\":2,\"name\":\"Intermediario\"}]},{\"@type\":\"WebSite\",\"@id\":\"https:\/\/bedding.com.br\/2018\/#website\",\"url\":\"https:\/\/bedding.com.br\/2018\/\",\"name\":\"Bedding Sleep Store\",\"description\":\"Dormir bem \u00e9 viver bem.\",\"publisher\":{\"@id\":\"https:\/\/bedding.com.br\/2018\/#organization\"},\"potentialAction\":[{\"@type\":\"SearchAction\",\"target\":{\"@type\":\"EntryPoint\",\"urlTemplate\":\"https:\/\/bedding.com.br\/2018\/?s={search_term_string}\"},\"query-input\":{\"@type\":\"PropertyValueSpecification\",\"valueRequired\":true,\"valueName\":\"search_term_string\"}}],\"inLanguage\":\"pt-BR\"},{\"@type\":\"Organization\",\"@id\":\"https:\/\/bedding.com.br\/2018\/#organization\",\"name\":\"Bedding Sleep Store\",\"url\":\"https:\/\/bedding.com.br\/2018\/\",\"logo\":{\"@type\":\"ImageObject\",\"inLanguage\":\"pt-BR\",\"@id\":\"https:\/\/bedding.com.br\/2018\/#\/schema\/logo\/image\/\",\"url\":\"https:\/\/bedding.com.br\/2018\/wp-content\/uploads\/2020\/02\/logo1.png\",\"contentUrl\":\"https:\/\/bedding.com.br\/2018\/wp-content\/uploads\/2020\/02\/logo1.png\",\"width\":556,\"height\":170,\"caption\":\"Bedding Sleep Store\"},\"image\":{\"@id\":\"https:\/\/bedding.com.br\/2018\/#\/schema\/logo\/image\/\"},\"sameAs\":[\"https:\/\/www.instagram.com\/beddingsleepstore\"]}]}<\/script>\n<!-- \/ Yoast SEO plugin. -->","yoast_head_json":{"title":"Intermediario - Bedding Sleep Store","robots":{"index":"index","follow":"follow","max-snippet":"max-snippet:-1","max-image-preview":"max-image-preview:large","max-video-preview":"max-video-preview:-1"},"canonical":"https:\/\/bedding.com.br\/2018\/intermediario\/","og_locale":"pt_BR","og_type":"article","og_title":"Intermediario - Bedding Sleep Store","og_url":"https:\/\/bedding.com.br\/2018\/intermediario\/","og_site_name":"Bedding Sleep Store","article_modified_time":"2022-01-28T13:26:55+00:00","twitter_card":"summary_large_image","twitter_misc":{"Est. tempo de leitura":"9 minutos"},"schema":{"@context":"https:\/\/schema.org","@graph":[{"@type":"WebPage","@id":"https:\/\/bedding.com.br\/2018\/intermediario\/","url":"https:\/\/bedding.com.br\/2018\/intermediario\/","name":"Intermediario - Bedding Sleep Store","isPartOf":{"@id":"https:\/\/bedding.com.br\/2018\/#website"},"datePublished":"2018-10-03T16:44:06+00:00","dateModified":"2022-01-28T13:26:55+00:00","breadcrumb":{"@id":"https:\/\/bedding.com.br\/2018\/intermediario\/#breadcrumb"},"inLanguage":"pt-BR","potentialAction":[{"@type":"ReadAction","target":["https:\/\/bedding.com.br\/2018\/intermediario\/"]}]},{"@type":"BreadcrumbList","@id":"https:\/\/bedding.com.br\/2018\/intermediario\/#breadcrumb","itemListElement":[{"@type":"ListItem","position":1,"name":"In\u00edcio","item":"https:\/\/bedding.com.br\/2018\/bedding-2024\/"},{"@type":"ListItem","position":2,"name":"Intermediario"}]},{"@type":"WebSite","@id":"https:\/\/bedding.com.br\/2018\/#website","url":"https:\/\/bedding.com.br\/2018\/","name":"Bedding Sleep Store","description":"Dormir bem \u00e9 viver bem.","publisher":{"@id":"https:\/\/bedding.com.br\/2018\/#organization"},"potentialAction":[{"@type":"SearchAction","target":{"@type":"EntryPoint","urlTemplate":"https:\/\/bedding.com.br\/2018\/?s={search_term_string}"},"query-input":{"@type":"PropertyValueSpecification","valueRequired":true,"valueName":"search_term_string"}}],"inLanguage":"pt-BR"},{"@type":"Organization","@id":"https:\/\/bedding.com.br\/2018\/#organization","name":"Bedding Sleep Store","url":"https:\/\/bedding.com.br\/2018\/","logo":{"@type":"ImageObject","inLanguage":"pt-BR","@id":"https:\/\/bedding.com.br\/2018\/#\/schema\/logo\/image\/","url":"https:\/\/bedding.com.br\/2018\/wp-content\/uploads\/2020\/02\/logo1.png","contentUrl":"https:\/\/bedding.com.br\/2018\/wp-content\/uploads\/2020\/02\/logo1.png","width":556,"height":170,"caption":"Bedding Sleep Store"},"image":{"@id":"https:\/\/bedding.com.br\/2018\/#\/schema\/logo\/image\/"},"sameAs":["https:\/\/www.instagram.com\/beddingsleepstore"]}]}},"_links":{"self":[{"href":"https:\/\/bedding.com.br\/2018\/wp-json\/wp\/v2\/pages\/881","targetHints":{"allow":["GET"]}}],"collection":[{"href":"https:\/\/bedding.com.br\/2018\/wp-json\/wp\/v2\/pages"}],"about":[{"href":"https:\/\/bedding.com.br\/2018\/wp-json\/wp\/v2\/types\/page"}],"author":[{"embeddable":true,"href":"https:\/\/bedding.com.br\/2018\/wp-json\/wp\/v2\/users\/1"}],"replies":[{"embeddable":true,"href":"https:\/\/bedding.com.br\/2018\/wp-json\/wp\/v2\/comments?post=881"}],"version-history":[{"count":9,"href":"https:\/\/bedding.com.br\/2018\/wp-json\/wp\/v2\/pages\/881\/revisions"}],"predecessor-version":[{"id":2815,"href":"https:\/\/bedding.com.br\/2018\/wp-json\/wp\/v2\/pages\/881\/revisions\/2815"}],"wp:attachment":[{"href":"https:\/\/bedding.com.br\/2018\/wp-json\/wp\/v2\/media?parent=881"}],"curies":[{"name":"wp","href":"https:\/\/api.w.org\/{rel}","templated":true}]}}